the prime factors of 590558?
2, 19, 15541
List the prime factors of 3173176.
2, 396647
What are the prime factors of 151466?
2, 7, 31, 349
What are the prime factors of 5877937?
13, 17, 26597
List the prime factors of 2671329.
3, 17, 52379
What are the prime factors of 2294829?
3, 107, 2383
List the prime factors of 281756.
2, 70439
What are the prime factors of 10162801?
11, 193, 4787
List the prime factors of 165637.
73, 2269
List the prime factors of 33903816.
2, 3, 1412659
What are the prime factors of 562889?
41, 13729
List the prime factors of 618946.
2, 31, 67, 149
What are the prime factors of 373277?
283, 1319
What are the prime factors of 14533709?
79, 183971
List the prime factors of 5220904.
2, 13, 17, 2953
List the prime factors of 99724.
2, 107, 233
What are the prime factors of 3416715?
3, 5, 25309
What are the prime factors of 1163209?
61, 19069
What are the prime factors of 24905806?
2, 71, 175393
List the prime factors of 6316843.
13, 17, 101, 283
What are the prime factors of 23919730?
2, 5, 2391973
What are the prime factors of 8860930?
2, 5, 13, 68161
List the prime factors of 477304.
2, 59663
What are the prime factors of 21991722?
2, 3, 89, 41183
What are the prime factors of 649499?
649499
What are the prime factors of 312340?
2, 5, 7, 23, 97
What are the prime factors of 4676055?
3, 5, 311737
List the prime factors of 2240753.
17, 89, 1481
What are the prime factors of 596689?
23, 25943
List the prime factors of 1336712.
2, 13, 12853
What are the prime factors of 7578237?
3, 151, 16729
List the prime factors of 1429666.
2, 7, 17, 6007
What are the prime factors of 20199100?
2, 5, 73, 2767
List the prime factors of 95126.
2, 47563
What are the prime factors of 1431913?
7, 337, 607
List the prime factors of 409844.
2, 102461
What are the prime factors of 563391?
3, 59, 1061
What are the prime factors of 1881443?
313, 6011
List the prime factors of 3217450.
2, 5, 229, 281
List the prime factors of 499889.
13, 38453
What are the prime factors of 778903?
778903
What are the prime factors of 627626?
2, 31, 53, 191
List the prime factors of 3331043.
31, 107453
What are the prime factors of 144306?
2, 3, 8017
What are the prime factors of 341602?
2, 170801
What are the prime factors of 1275166?
2, 19, 23, 1459
List the prime factors of 5875875.
3, 5, 1741
What are the prime factors of 300867?
3, 7, 14327
What are the prime factors of 15341517?
3, 1704613
List the prime factors of 997797.
3, 31, 10729
What are the prime factors of 4273659?
3, 13, 36527
List the prime factors of 1247234.
2, 623617
What are the prime factors of 11491922?
2, 13, 19, 43, 541
What are the prime factors of 983063?
983063
List the prime factors of 2142684.
2, 3, 53, 1123
What are the prime factors of 5901606?
2, 3, 293, 373
What are the prime factors of 1881869?
11, 171079
What are the prime factors of 772377?
3, 257459
What are the prime factors of 1674497?
11, 191, 797
What are the prime factors of 273931?
7, 39133
What are the prime factors of 2196028?
2, 47, 11681
What are the prime factors of 57549?
3, 19183
What are the prime factors of 2294165?
5, 463, 991
List the prime factors of 398311.
398311
What are the prime factors of 18474471?
3, 401, 5119
What are the prime factors of 27807837?
3, 31, 103, 2903
List the prime factors of 2020864.
2, 3947
What are the prime factors of 19619325?
3, 5, 11, 7927
What are the prime factors of 96269?
96269
What are the prime factors of 13830252?
2, 3, 19, 60659
What are the prime factors of 2003187?
3, 47, 14207
What are the prime factors of 13519383?
3, 163, 27647
What are the prime factors of 2310572?
2, 11, 17, 3089
List the prime factors of 9337331.
61, 153071
What are the prime factors of 967568?
2, 7, 53, 163
What are the prime factors of 17923619?
7, 2560517
What are the prime factors of 27188344?
2, 3398543
What are the prime factors of 548383?
11, 49853
What are the prime factors of 6735114?
2, 3, 374173
List the prime factors of 1246123.
37, 33679
What are the prime factors of 5884?
2, 1471
What are the prime factors of 1721631?
3, 41, 13997
What are the prime factors of 134361?
3, 14929
What are the prime factors of 439262?
2, 47, 4673
List the prime factors of 473653.
311, 1523
List the prime factors of 11299909.
11299909
What are the prime factors of 10451442?
2, 3, 131, 13297
What are the prime factors of 7754928?
2, 3, 161561
List the prime factors of 1242957.
3, 317, 1307
What are the prime factors of 300134?
2, 150067
List the prime factors of 313672.
2, 39209
List the prime factors of 334453.
7, 47779
List the prime factors of 862872.
2, 3, 157, 229
List the prime factors of 924835.
5, 184967
List the prime factors of 22559513.
22559513
What are the prime factors of 85997?
23, 3739
What are the prime factors of 687451?
127, 5413
What are the prime factors of 268939?
11, 23, 1063
What are the prime factors of 27074?
2, 13537
List the prime factors of 102554.
2, 47, 1091
What are the prime factors of 128?
2
What are the prime factors of 1237874?
2, 11, 56267
What are the prime factors of 1725458?
2, 7, 37, 3331
What are the prime factors of 5021250?
2, 3, 5, 13, 103
What are the prime factors of 425311?
101, 4211
What are the prime factors of 29809353?
3, 7, 1419493
List the prime factors of 979823.
13, 23, 29, 113
List the prime factors of 308715.
3, 5, 11, 1871
What are the prime factors of 16938211?
16938211
List the prime factors of 6134525.
5, 59, 4159
What are the prime factors of 96565?
5, 7, 31, 89
List the prime factors of 1600177.
1600177
What are the prime factors of 179480?
2, 5, 7, 641
What are the prime factors of 55370?
2, 5, 7, 113
List the prime factors of 830807.
17, 48871
List the prime factors of 195993.
3, 7, 17, 61
List the prime factors of 4599886.
2, 233, 9871
What are the prime factors of 10798218?
2, 3, 199967
List the prime factors of 788109.
3, 7, 37529
What are the prime factors of 4958321?
4958321
List the prime factors of 369604.
2, 92401
What are the prime factors of 6991708?
2, 787, 2221
List the prime factors of 9259772.
2, 2314943
What are the prime factors of 4716937?
29, 311, 523
What are the prime factors of 1743504?
2, 3, 7, 5189
List the prime factors of 315002.
2, 239, 659
List the prime factors of 2772106.
2, 1386053
List the prime factors of 8244166.
2, 7, 23, 25603
List the prime factors of 832098.
2, 3, 138683
List the prime factors of 483748.
2, 120937
List the prime factors of 1009797.
3, 336599
List the prime factors of 59396.
2, 31, 479
What are the prime factors of 1290832?
2, 80677
List the prime factors of 5656436.
2, 23, 61483
What are the prime factors of 7852371?
3, 2617457
What are the prime factors of 10493432?
2, 463, 2833
List the prime factors of 278222.
2, 7, 17, 167
What are the prime factors of 913093?
109, 8377
List the prime factors of 237213.
3, 26357
List the prime factors of 522593.
47, 11119
List the prime factors of 2392229.
7, 48821
What are the prime factors of 55693?
11, 61, 83
List the prime factors of 72863.
7, 1487
List the prime factors of 2690354.
2, 1345177
What are the prime factors of 444590?
2, 5, 23, 1933
What are the prime factors of 3131305?
5, 626261
List the prime factors of 55032.
2, 3, 2293
What are the prime factors of 2525526?
2, 3, 46769
List the prime factors of 11374872.
2, 3, 473953
What are the prime factors of 1602771?
3, 229, 2333
List the prime factors of 210635.
5, 103, 409
List the prime factors of 3339313.
3339313
What are the prime factors of 103251?
3, 127, 271
List the prime factors of 226108.
2, 56527
What are the prime factors of 3480846?
2, 3, 71, 8171
What are the prime factors of 390979?
37, 10567
List the prime factors of 2859903.
3, 47, 6761
What are the prime factors of 4827151?
7, 367, 1879
What are the prime factors of 1372194?
2, 3, 25411
What are the prime factors of 24252?
2, 3, 43, 47
List the prime factors of 615900.
2, 3, 5, 2053
List the prime factors of 1157237.
1157237
What are the prime factors of 17366618?
2, 8683309
List the prime factors of 2073246.
2, 3, 7, 49363
What are the prime factors of 7650951?
3, 7, 11, 3011
What are the prime factors of 1142042?
2, 11, 23, 37, 61
List the prime factors of 663257.
7, 41, 2311
List the prime factors of 4315494.
2, 3, 103